{"id":771,"date":"2023-09-17T00:07:18","date_gmt":"2023-09-16T22:07:18","guid":{"rendered":"http:\/\/www.revelationkizomba.fr\/?page_id=771"},"modified":"2025-10-14T12:01:50","modified_gmt":"2025-10-14T10:01:50","slug":"home-rnkiz","status":"publish","type":"page","link":"https:\/\/www.revelationkizomba.fr\/","title":{"rendered":"Accueil"},"content":{"rendered":"\t\t<div data-elementor-type=\"wp-page\" data-elementor-id=\"771\" class=\"elementor elementor-771\">\n\t\t\t\t\t\t<section class=\"elementor-section elementor-top-section elementor-element elementor-element-3687e9f elementor-section-boxed elementor-section-height-default elementor-section-height-default\" data-id=\"3687e9f\" data-element_type=\"section\">\n\t\t\t\t\t\t<div class=\"elementor-container elementor-column-gap-default\">\n\t\t\t\t\t<div class=\"elementor-column elementor-col-100 elementor-top-column elementor-element elementor-element-f2b6602\" data-id=\"f2b6602\" data-element_type=\"column\">\n\t\t\t<div class=\"elementor-widget-wrap elementor-element-populated\">\n\t\t\t\t\t\t<div class=\"elementor-element elementor-element-c4e7e48 animated-slow elementor-invisible elementor-widget elementor-widget-wp-widget-custom_html\" data-id=\"c4e7e48\" data-element_type=\"widget\" data-settings=\"{&quot;_animation&quot;:&quot;fadeInRight&quot;}\" data-widget_type=\"wp-widget-custom_html.default\">\n\t\t\t\t<div class=\"elementor-widget-container\">\n\t\t\t\t\t<div class=\"textwidget custom-html-widget\"><strong>\r\nLes inscriptions sont ouvertes pour la <a href=\"https:\/\/www.revelationkizomba.fr\/index.php\/nos-formules-2\/#session-section\" target=\"_BLANK\" style=\"color:#3498DB\">saison 2025\/2026<\/a>. D\u00e9but le 23 septembre 2025. <a href=\"https:\/\/forms.gle\/xAraQuGMzSErfXXV7\" target=\"_BLANK\" style=\"color:#3498DB\">Inscrivez-vous<\/a> ou <a href=\"https:\/\/www.revelationkizomba.fr\/index.php\/contact-infos\/\" target=\"_BLANK\" style=\"color:#3498DB\">contactez-nous<\/a><\/strong><\/div>\t\t\t\t<\/div>\n\t\t\t\t<\/div>\n\t\t\t\t\t<\/div>\n\t\t<\/div>\n\t\t\t\t\t<\/div>\n\t\t<\/section>\n\t\t\t\t<section class=\"elementor-section elementor-top-section elementor-element elementor-element-434e05 elementor-section-boxed elementor-section-height-default elementor-section-height-default\" data-id=\"434e05\" data-element_type=\"section\">\n\t\t\t\t\t\t<div class=\"elementor-container elementor-column-gap-default\">\n\t\t\t\t\t<div class=\"elementor-column elementor-col-100 elementor-top-column elementor-element elementor-element-109e0332\" data-id=\"109e0332\" data-element_type=\"column\">\n\t\t\t<div class=\"elementor-widget-wrap elementor-element-populated\">\n\t\t\t\t\t\t<div class=\"elementor-element elementor-element-ddde79a elementor-widget elementor-widget-text-editor\" data-id=\"ddde79a\" data-element_type=\"widget\" data-widget_type=\"text-editor.default\">\n\t\t\t\t<div class=\"elementor-widget-container\">\n\t\t\t\t\t\t\t\t\t\n<div class=\"wp-block-cover alignfull wp-duotone-unset-3\" style=\"min-height: 273px;aspect-ratio:unset;\"><img fetchpriority=\"high\" decoding=\"async\" width=\"1080\" height=\"1080\" class=\"wp-block-cover__image-background wp-image-772\" style=\"object-position: 47% 55%;\" src=\"https:\/\/www.revelationkizomba.fr\/wp-content\/uploads\/2023\/09\/IMG_3211.jpg\" alt=\"\" data-object-fit=\"cover\" data-object-position=\"47% 55%\" srcset=\"https:\/\/www.revelationkizomba.fr\/wp-content\/uploads\/2023\/09\/IMG_3211.jpg 1080w, https:\/\/www.revelationkizomba.fr\/wp-content\/uploads\/2023\/09\/IMG_3211-300x300.jpg 300w, https:\/\/www.revelationkizomba.fr\/wp-content\/uploads\/2023\/09\/IMG_3211-1024x1024.jpg 1024w, https:\/\/www.revelationkizomba.fr\/wp-content\/uploads\/2023\/09\/IMG_3211-150x150.jpg 150w, https:\/\/www.revelationkizomba.fr\/wp-content\/uploads\/2023\/09\/IMG_3211-768x768.jpg 768w, https:\/\/www.revelationkizomba.fr\/wp-content\/uploads\/2023\/09\/IMG_3211-600x600.jpg 600w\" sizes=\"(max-width: 1080px) 100vw, 1080px\" \/>\n<div class=\"wp-block-cover__inner-container is-layout-flow wp-block-cover-is-layout-flow\">\n<p class=\"has-text-align-center has-white-color has-text-color has-x-large-font-size\">ASSOCIATION DE DANSE<\/p>\n<\/div>\n<\/div>\n\n<div class=\"wp-block-media-text alignfull is-stacked-on-mobile is-vertically-aligned-center has-white-background-color has-background\" style=\"grid-template-columns: 49% auto;\">\n<figure class=\"wp-block-media-text__media\"><img decoding=\"async\" width=\"1000\" height=\"667\" class=\"wp-image-861 size-full\" src=\"https:\/\/www.revelationkizomba.fr\/wp-content\/uploads\/2023\/09\/danseur-kiz.jpg\" alt=\"\" srcset=\"https:\/\/www.revelationkizomba.fr\/wp-content\/uploads\/2023\/09\/danseur-kiz.jpg 1000w, https:\/\/www.revelationkizomba.fr\/wp-content\/uploads\/2023\/09\/danseur-kiz-300x200.jpg 300w, https:\/\/www.revelationkizomba.fr\/wp-content\/uploads\/2023\/09\/danseur-kiz-768x512.jpg 768w\" sizes=\"(max-width: 1000px) 100vw, 1000px\" \/><\/figure>\n<div class=\"wp-block-media-text__content\">\n<h1 class=\"wp-block-heading has-text-align-center has-luminous-vivid-amber-color has-text-color\" style=\"font-size: 32px; font-style: normal; font-weight: 300; text-transform: uppercase;\"><strong>D\u00c9COUVRIR LA KIZOMBA<\/strong><\/h1>\n\n<h2 class=\"wp-block-heading has-text-align-center\" style=\"font-size: 20px; font-style: normal; font-weight: 500; letter-spacing: 0.5px;\">Vous souhaitez danser la Kizomba\u00a0? Vous \u00eates \u00e0 la bonne adresse\u00a0! <br \/><br \/>La Kizomba, souvent associ\u00e9e aux danses latines, est une danse de couple sensuelle originaire d\u2019Angola (tr\u00e8s populaire en France et en Europe) et d\u00e9riv\u00e9e de la Semba.<br \/><br \/>A travers nos cours et stages, organis\u00e9s en groupes de niveaux pour avancer \u00e0 votre rythme, vous allez acqu\u00e9rir l\u2019ensemble des bases techniques propres \u00e0 la Kizomba et d\u00e9velopper votre musicalit\u00e9 pour exprimer votre propre style.<\/h2>\n<\/div>\n<\/div>\n\n<div class=\"wp-block-media-text alignfull has-media-on-the-right is-stacked-on-mobile has-black-background-color has-background\" style=\"grid-template-columns: auto 31%;\">\n<div class=\"wp-block-media-text__content\">\n<h1 class=\"wp-block-heading alignwide has-text-align-center has-luminous-vivid-amber-color has-text-color\" style=\"font-size: 32px; font-style: normal; font-weight: 300; text-transform: uppercase;\"><strong>QUI SOMMES-NOUS ?<\/strong><\/h1>\n\n<div class=\"wp-block-spacer\" style=\"height: 10px;\" aria-hidden=\"true\">\u00a0<\/div>\n\n<h2 class=\"wp-block-heading has-text-align-center has-white-color has-text-color\" style=\"font-size: 20px; font-style: normal; font-weight: 500; letter-spacing: 0.5px;\">L\u2019association R\u00e9v\u00e9lation Kizomba, c\u2019est avant tout un lieu de rencontre entre passionn\u00e9s pour (re)d\u00e9couvrir, pratiquer et se perfectionner \u00e0 la Kizomba.<br \/><br \/>Vos professeurs, Laurencin et Charlotte, sauront vous transmettre toutes les clefs pour ma\u00eetriser cette danse et r\u00e9v\u00e9ler la danseuse\/le danseur qui sommeille en vous\u00a0! N\u2019attendez plus et rejoignez-nous vite dans cette belle aventure\u2026<\/h2>\n\n<div class=\"wp-block-buttons is-content-justification-center is-layout-flex wp-container-core-buttons-is-layout-16018d1d wp-block-buttons-is-layout-flex\">\n<div class=\"wp-block-button is-style-outline is-style-outline--4\"><a class=\"wp-block-button__link has-luminous-vivid-amber-color has-black-background-color has-text-color has-background wp-element-button\" href=\"https:\/\/www.revelationkizomba.fr\/index.php\/contact-infos\/\">CONTACTEZ-NOUS<\/a><\/div>\n<\/div>\n<\/div>\n<figure class=\"wp-block-media-text__media\"><img decoding=\"async\" width=\"1024\" height=\"1024\" class=\"wp-image-772 size-full\" src=\"https:\/\/www.revelationkizomba.fr\/wp-content\/uploads\/2023\/09\/IMG_3211-1024x1024.jpg\" alt=\"\" srcset=\"https:\/\/www.revelationkizomba.fr\/wp-content\/uploads\/2023\/09\/IMG_3211-1024x1024.jpg 1024w, https:\/\/www.revelationkizomba.fr\/wp-content\/uploads\/2023\/09\/IMG_3211-300x300.jpg 300w, https:\/\/www.revelationkizomba.fr\/wp-content\/uploads\/2023\/09\/IMG_3211-150x150.jpg 150w, https:\/\/www.revelationkizomba.fr\/wp-content\/uploads\/2023\/09\/IMG_3211-768x768.jpg 768w, https:\/\/www.revelationkizomba.fr\/wp-content\/uploads\/2023\/09\/IMG_3211-600x600.jpg 600w, https:\/\/www.revelationkizomba.fr\/wp-content\/uploads\/2023\/09\/IMG_3211.jpg 1080w\" sizes=\"(max-width: 1024px) 100vw, 1024px\" \/><\/figure>\n<\/div>\n\n<div class=\"wp-block-spacer\" style=\"height: 27px;\" aria-hidden=\"true\">\u00a0<\/div>\n\n<div class=\"wp-block-group\"><div class=\"wp-block-group__inner-container is-layout-constrained wp-block-group-is-layout-constrained\">\n<h1 class=\"wp-block-heading has-text-align-center has-luminous-vivid-amber-color has-text-color\" style=\"font-size: 32px; text-transform: none;\">NOS ACTIVIT\u00c9S<\/h1>\n<\/div><\/div>\n\n<div class=\"wp-block-columns is-layout-flex wp-container-core-columns-is-layout-9d6595d7 wp-block-columns-is-layout-flex\">\n<div class=\"wp-block-column is-layout-flow wp-block-column-is-layout-flow\">\n<h2 class=\"wp-block-heading has-text-align-center\" style=\"font-size: 22px; font-style: normal; font-weight: 900;\">COURS COLLECTIFS<\/h2>\n\n<figure class=\"wp-block-image alignwide size-full is-style-default\"><img loading=\"lazy\" decoding=\"async\" width=\"236\" height=\"236\" class=\"wp-image-876\" src=\"https:\/\/www.revelationkizomba.fr\/wp-content\/uploads\/2023\/09\/IllustreCours_001-1-edited.jpg\" alt=\"\" srcset=\"https:\/\/www.revelationkizomba.fr\/wp-content\/uploads\/2023\/09\/IllustreCours_001-1-edited.jpg 236w, https:\/\/www.revelationkizomba.fr\/wp-content\/uploads\/2023\/09\/IllustreCours_001-1-edited-150x150.jpg 150w\" sizes=\"(max-width: 236px) 100vw, 236px\" \/><\/figure>\n<\/div>\n\n<div class=\"wp-block-column is-layout-flow wp-block-column-is-layout-flow\">\n<h2 class=\"wp-block-heading has-text-align-center\" style=\"font-size: 22px; font-style: normal; font-weight: 900;\">STAGES<\/h2>\n\n<figure class=\"wp-block-image alignwide size-full\"><img loading=\"lazy\" decoding=\"async\" width=\"616\" height=\"616\" class=\"wp-image-877\" src=\"https:\/\/www.revelationkizomba.fr\/wp-content\/uploads\/2023\/09\/img_Danse_01-edited.jpg\" alt=\"\" srcset=\"https:\/\/www.revelationkizomba.fr\/wp-content\/uploads\/2023\/09\/img_Danse_01-edited.jpg 616w, https:\/\/www.revelationkizomba.fr\/wp-content\/uploads\/2023\/09\/img_Danse_01-edited-300x300.jpg 300w, https:\/\/www.revelationkizomba.fr\/wp-content\/uploads\/2023\/09\/img_Danse_01-edited-150x150.jpg 150w, https:\/\/www.revelationkizomba.fr\/wp-content\/uploads\/2023\/09\/img_Danse_01-edited-600x600.jpg 600w\" sizes=\"(max-width: 616px) 100vw, 616px\" \/><\/figure>\n<\/div>\n\n<div class=\"wp-block-column is-layout-flow wp-block-column-is-layout-flow\">\n<h2 class=\"wp-block-heading has-text-align-center\" style=\"font-size: 22px; font-style: normal; font-weight: 900; text-transform: uppercase;\">prestations priv\u00e9es<\/h2>\n\n<figure class=\"wp-block-image alignwide size-full is-style-default\"><img loading=\"lazy\" decoding=\"async\" width=\"720\" height=\"720\" class=\"wp-image-878\" src=\"https:\/\/www.revelationkizomba.fr\/wp-content\/uploads\/2023\/09\/IllustreEvents_001-edited.jpg\" alt=\"\" srcset=\"https:\/\/www.revelationkizomba.fr\/wp-content\/uploads\/2023\/09\/IllustreEvents_001-edited.jpg 720w, https:\/\/www.revelationkizomba.fr\/wp-content\/uploads\/2023\/09\/IllustreEvents_001-edited-300x300.jpg 300w, https:\/\/www.revelationkizomba.fr\/wp-content\/uploads\/2023\/09\/IllustreEvents_001-edited-150x150.jpg 150w, https:\/\/www.revelationkizomba.fr\/wp-content\/uploads\/2023\/09\/IllustreEvents_001-edited-600x600.jpg 600w\" sizes=\"(max-width: 720px) 100vw, 720px\" \/><\/figure>\n<\/div>\n<\/div>\n\n<div class=\"wp-block-spacer\" style=\"height: 15px;\" aria-hidden=\"true\">\u00a0<\/div>\n\n<h2 class=\"wp-block-heading has-text-align-center\" style=\"font-size: 20px; font-style: normal; font-weight: 500;\">Au-del\u00e0 des cours et des ateliers de perfectionnement, l\u2019association propose plusieurs \u00e9v\u00e8nements pour pratiquer et progresser en toute convivialit\u00e9 et avec plaisir la Kizomba\u00a0tels que\u00a0des stages th\u00e9matiques, des soir\u00e9es \u00e0 th\u00e8mes ou encore a participation \u00e0 des sorties diverses (festivals, flashmob, soir\u00e9es dansantes\u2026).<\/h2>\n\n<div class=\"wp-block-buttons is-content-justification-center is-layout-flex wp-container-core-buttons-is-layout-16018d1d wp-block-buttons-is-layout-flex\">\n<div class=\"wp-block-button has-custom-width wp-block-button__width-50 has-custom-font-size is-style-fill has-medium-font-size\"><a class=\"wp-block-button__link has-luminous-vivid-amber-color has-black-background-color has-text-color has-background wp-element-button\" style=\"border-radius: 51px;\" href=\"https:\/\/www.revelationkizomba.fr\/index.php\/nos-formules-2\/\">NOS FORMULES<\/a><\/div>\n<\/div>\n\t\t\t\t\t\t\t\t<\/div>\n\t\t\t\t<\/div>\n\t\t\t\t<div class=\"elementor-element elementor-element-643e54a elementor-widget elementor-widget-html\" data-id=\"643e54a\" data-element_type=\"widget\" data-widget_type=\"html.default\">\n\t\t\t\t<div class=\"elementor-widget-container\">\n\t\t\t\t\t<script>\r\n(function(){if(!window.chatbase||window.chatbase(\"getState\")!==\"initialized\"){window.chatbase=(...arguments)=>{if(!window.chatbase.q){window.chatbase.q=[]}window.chatbase.q.push(arguments)};window.chatbase=new Proxy(window.chatbase,{get(target,prop){if(prop===\"q\"){return target.q}return(...args)=>target(prop,...args)}})}const onLoad=function(){const script=document.createElement(\"script\");script.src=\"https:\/\/www.chatbase.co\/embed.min.js\";script.id=\"tJwodR7EYAxXxk-Y7FgNL\";script.domain=\"www.chatbase.co\";document.body.appendChild(script)};if(document.readyState===\"complete\"){onLoad()}else{window.addEventListener(\"load\",onLoad)}})();\r\n<\/script>\t\t\t\t<\/div>\n\t\t\t\t<\/div>\n\t\t\t\t\t<\/div>\n\t\t<\/div>\n\t\t\t\t\t<\/div>\n\t\t<\/section>\n\t\t\t\t<\/div>\n\t\t","protected":false},"excerpt":{"rendered":"<p>D\u00c9COUVRIR LA KIZOMBA Vous souhaitez danser la Kizomba\u00a0? Vous \u00eates \u00e0 la bonne adresse\u00a0! La Kizomba, souvent associ\u00e9e aux danses latines, est une danse de couple sensuelle originaire d\u2019Angola (tr\u00e8s populaire en France et en Europe) et d\u00e9riv\u00e9e de la Semba. A travers nos cours et stages, organis\u00e9s en groupes de niveaux pour avancer \u00e0 [&hellip;]<\/p>\n","protected":false},"author":1,"featured_media":0,"parent":0,"menu_order":0,"comment_status":"closed","ping_status":"closed","template":"","meta":{"ocean_post_layout":"","ocean_both_sidebars_style":"","ocean_both_sidebars_content_width":0,"ocean_both_sidebars_sidebars_width":0,"ocean_sidebar":"0","ocean_second_sidebar":"0","ocean_disable_margins":"enable","ocean_add_body_class":"","ocean_shortcode_before_top_bar":"","ocean_shortcode_after_top_bar":"","ocean_shortcode_before_header":"","ocean_shortcode_after_header":"","ocean_has_shortcode":"","ocean_shortcode_after_title":"","ocean_shortcode_before_footer_widgets":"","ocean_shortcode_after_footer_widgets":"","ocean_shortcode_before_footer_bottom":"","ocean_shortcode_after_footer_bottom":"","ocean_display_top_bar":"default","ocean_display_header":"default","ocean_header_style":"","ocean_center_header_left_menu":"0","ocean_custom_header_template":"0","ocean_custom_logo":0,"ocean_custom_retina_logo":0,"ocean_custom_logo_max_width":0,"ocean_custom_logo_tablet_max_width":0,"ocean_custom_logo_mobile_max_width":0,"ocean_custom_logo_max_height":0,"ocean_custom_logo_tablet_max_height":0,"ocean_custom_logo_mobile_max_height":0,"ocean_header_custom_menu":"0","ocean_menu_typo_font_family":"0","ocean_menu_typo_font_subset":"","ocean_menu_typo_font_size":0,"ocean_menu_typo_font_size_tablet":0,"ocean_menu_typo_font_size_mobile":0,"ocean_menu_typo_font_size_unit":"px","ocean_menu_typo_font_weight":"","ocean_menu_typo_font_weight_tablet":"","ocean_menu_typo_font_weight_mobile":"","ocean_menu_typo_transform":"","ocean_menu_typo_transform_tablet":"","ocean_menu_typo_transform_mobile":"","ocean_menu_typo_line_height":0,"ocean_menu_typo_line_height_tablet":0,"ocean_menu_typo_line_height_mobile":0,"ocean_menu_typo_line_height_unit":"","ocean_menu_typo_spacing":0,"ocean_menu_typo_spacing_tablet":0,"ocean_menu_typo_spacing_mobile":0,"ocean_menu_typo_spacing_unit":"","ocean_menu_link_color":"","ocean_menu_link_color_hover":"","ocean_menu_link_color_active":"","ocean_menu_link_background":"","ocean_menu_link_hover_background":"","ocean_menu_link_active_background":"","ocean_menu_social_links_bg":"","ocean_menu_social_hover_links_bg":"","ocean_menu_social_links_color":"","ocean_menu_social_hover_links_color":"","ocean_disable_title":"default","ocean_disable_heading":"default","ocean_post_title":"","ocean_post_subheading":"","ocean_post_title_style":"","ocean_post_title_background_color":"","ocean_post_title_background":0,"ocean_post_title_bg_image_position":"","ocean_post_title_bg_image_attachment":"","ocean_post_title_bg_image_repeat":"","ocean_post_title_bg_image_size":"","ocean_post_title_height":0,"ocean_post_title_bg_overlay":0.5,"ocean_post_title_bg_overlay_color":"","ocean_disable_breadcrumbs":"default","ocean_breadcrumbs_color":"","ocean_breadcrumbs_separator_color":"","ocean_breadcrumbs_links_color":"","ocean_breadcrumbs_links_hover_color":"","ocean_display_footer_widgets":"default","ocean_display_footer_bottom":"default","ocean_custom_footer_template":"0","footnotes":""},"class_list":["post-771","page","type-page","status-publish","hentry","entry"],"jetpack_sharing_enabled":true,"_links":{"self":[{"href":"https:\/\/www.revelationkizomba.fr\/index.php\/wp-json\/wp\/v2\/pages\/771","targetHints":{"allow":["GET"]}}],"collection":[{"href":"https:\/\/www.revelationkizomba.fr\/index.php\/wp-json\/wp\/v2\/pages"}],"about":[{"href":"https:\/\/www.revelationkizomba.fr\/index.php\/wp-json\/wp\/v2\/types\/page"}],"author":[{"embeddable":true,"href":"https:\/\/www.revelationkizomba.fr\/index.php\/wp-json\/wp\/v2\/users\/1"}],"replies":[{"embeddable":true,"href":"https:\/\/www.revelationkizomba.fr\/index.php\/wp-json\/wp\/v2\/comments?post=771"}],"version-history":[{"count":173,"href":"https:\/\/www.revelationkizomba.fr\/index.php\/wp-json\/wp\/v2\/pages\/771\/revisions"}],"predecessor-version":[{"id":2112,"href":"https:\/\/www.revelationkizomba.fr\/index.php\/wp-json\/wp\/v2\/pages\/771\/revisions\/2112"}],"wp:attachment":[{"href":"https:\/\/www.revelationkizomba.fr\/index.php\/wp-json\/wp\/v2\/media?parent=771"}],"curies":[{"name":"wp","href":"https:\/\/api.w.org\/{rel}","templated":true}]}}